mon factor of d and g?
24
Let p = 4 - 66. Let a be -5 + 1 - (p - -8). Calculate the highest common factor of a and 25.
25
Let q be 5/(60/(-198))*2. Let s be (-8)/(-44) + 4 + (-654)/q. Calculate the highest common divisor of s and 8.
8
Suppose -24 = -2*u - 0*u - t, 0 = -5*u - t + 66. Let m = -1697 - -1086. Let f = m - -835. Calculate the greatest common factor of f and u.
14
Let n be (1 + -1)/((-7)/7). Let k be (265/(-10))/(2/(-4) + n). Calculate the greatest common divisor of 477 and k.
53
Let u = 353 - 48. Suppose 0 = 4*m + z - u, 7*m - 2*m - z = 388. Calculate the highest common divisor of 7 and m.
7
Suppose 31*l + 56 = 35*l. Suppose 0 = l*i - 20*i + 72. Suppose -2*b = -8, -6*s = -s + 5*b - 260. Calculate the highest common factor of i and s.
12
Let z(k) = 2*k**2 - 156*k - 291. Let n be z(80). Calculate the greatest common divisor of 841 and n.
29
Let d(w) = 52*w + 1987. Let t be d(8). What is the greatest common factor of t and 712?
89
Let d = 5189 + -5165. Calculate the highest common divisor of d and 114.
6
Let k = -44 - -72. Let h be (-2 + 0 - (-23)/2)*(-73 + 101). What is the highest common factor of k and h?
14
Let f = -154 + 256. Suppose 59*l = 6*l + 1628 + 174. Calculate the greatest common divisor of f and l.
34
Suppose 0 = -5*f + 131 - 31. Let a(j) = 7*j + 5. Let d be a(-4). Let b be (d - -3)*2/(-5). Calculate the greatest common factor of b and f.
4
Let v be 321/856 - (-3133)/8. What is the highest common divisor of v and 196?
196
Let s(i) = -i**3 - 2*i**2 + 4*i + 4. Let u be s(-3). Suppose 0 = b + 5*m + 11, -2*m + 0*m = b - u. What is the greatest common factor of b and 153?
9
Let r(i) be the third derivative of -i**6/15 - i**5/30 + i**4/24 + 2*i**3/3 - 158*i**2. Let f be r(-2). What is the highest common factor of f and 377?
29
Let w(h) = -h**3 + 4*h**2 - 14 + 3*h**2 + 28*h**2 - 11*h**2 + 56*h. Let f be w(26). Calculate the highest common factor of f and 40.
10
Suppose -9*z - 19*z + 4029 = -4791. What is the greatest common factor of z and 27?
9
Let u(b) = -15*b - 327. Let x be u(-28). Suppose -4*h + 2*d + 4 = 0, -5*h = -3*d + 2 - 5. Calculate the greatest common divisor of h and x.
3
Let t be (0 + 1)*12/1. Let v = 1335 + -863. Suppose -4*n = 456 - v. What is the highest common factor of n and t?
4
Suppose 0 = 2*t + 4*q + 20, -5*t - 1490*q + 6 = -1487*q. What is the highest common factor of t and 6228?
6
Suppose d = -7*d + 22*d - 17472. What is the highest common divisor of 39 and d?
39
Let l be (1 - (-4 - 4/(-2)))/1. Suppose l*g = 3*h, 0*g - 5*h = 3*g. Suppose g = v + 10*v - 198. What is the highest common factor of v and 9?
9
Let s be 8 - ((-125881)/(-98))/(1/(-2)). Calculate the greatest common divisor of s and 3.
3
Let z = 88 - 83. Let n be ((-2)/12 + (-303)/(-90))*z. Calculate the greatest common factor of n and 6.
2
Suppose 6*x - 84 = 4*x. Let y be ((-4480)/x)/(1/(-3)). Calculate the highest common factor of y and 40.
40
Let u be (((-285)/(-171))/(1 + -2))/((-3)/306). Calculate the greatest common factor of 646 and u.
34
Suppose -995 = 27*g + 625. Let m be -25*2/(8/g). Calculate the greatest common divisor of m and 15.
15
Let m = -13 - -15. Suppose -2*l + 10 = m*x, -2*l = 3*x - 4*l - 40. Let d(c) = -c + 8. Let z be d(6). Calculate the greatest common divisor of z and x.
2
Suppose b = 137 + 158 - 244. What is the highest common divisor of 3417 and b?
51
Suppose -31*x = 88 + 377. Let i be (-936)/(-15) + (-9)/x. What is the highest common factor of i and 14?
7
Suppose 34*n - 16985 + 665 = 0. What is the greatest common factor of 540 and n?
60
Suppose 3*r = -14*r + r. Let h be -1 + r - ((-700)/10 + -1). What is the highest common divisor of 28 and h?
14
Let f = 2664 + -2505. Calculate the highest common factor of f and 10176.
159
Suppose 78*l - 99 = 74*l + 3*r, 5*l = -3*r + 144. Calculate the greatest common factor of 729 and l.
27
Let s(h) = h**3 + 6*h + 18. Let m be s(6). Calculate the highest common divisor of 1710 and m.
90
Let d = 3765 - 3437. Calculate the highest common factor of 205 and d.
41
Suppose -19*o + 15*o + 645 = 39*o. What is the greatest common divisor of o and 3405?
15
Let x = -133 - -43. Let z = x - -150. Calculate the greatest common factor of z and 60.
60
Suppose c = -4*y - 12, -y + 9 - 4 = 0. Let b = 488 + c. What is the highest common factor of b and 57?
57
Let l(u) = -u**2 + 29*u - 46. Let j(a) = -2*a**3 - 3*a**2 + 3*a + 7. Let x be j(-3). Let r be l(x). What is the highest common divisor of 18 and r?
18
Let g = 3488 - 3465. Calculate the greatest common factor of 1817 and g.
23
Suppose -196*q + 2554 = -191*q - 2*o, 3 = o. Calculate the highest common divisor of q and 16.
16
Let r = 5896 + -2995. Suppose -15*l + 9411 = r. What is the greatest common factor of l and 14?
14
Suppose 45*z + 83*z = 2560. Calculate the greatest common divisor of z and 76.
4
Let z be (0 - 0) + 1*18. Suppose -4*r + 800 = 4*i, 0 = 29*r - 28*r - 3*i - 192. Calculate the greatest common divisor of r and z.
18
Suppose -5*f + 538 = 123. Let j = f - 72. Suppose 4*d - j = -p - d, 5*d = 5*p - 25. Calculate the highest common divisor of 42 and p.
6
Let p(v) = -v**3 - 19*v**2 - 32*v - 21. Let y = 109 - 127. Let h be p(y). What is the greatest common factor of h and 21?
21
Let a(l) = -l**2 - 49*l - 35. Let q be a(-14). Calculate the highest common factor of 175 and q.
35
Suppose 11*i + 3213 = 2379 + 8490. Calculate the highest common divisor of i and 672.
24
Suppose -s + 23 + 6 = 5*n, 2*s + 2 = 2*n. Suppose 32 = t + 2*x, -2*x - 143 = -s*t - 5. What is the greatest common factor of 4 and t?
2
Suppose -3*k + 13996 = 27*v - 25*v, 18658 = 4*k + v. What is the greatest common factor of k and 110?
22
Let u be (3094/(-28))/(2/(-4)). What is the highest common factor of u and 51?
17
Suppose 4*y = 5*y - 2*t - 39, 0 = 4*y - 3*t - 181. Suppose -9*p + 41 = -y. Let q(j) = 3*j + 6. Let d be q(3). Calculate the highest common divisor of p and d.
5
Let u(a) = a - 21. Let d be u(12). Let v = 18 + d. Suppose -3*p + 27 = 3*k, 25*p - 30*p = -5*k - 15. What is the greatest common factor of v and p?
3
Suppose -2*g - 24 = 5*d, 5*g = 2*d + 2*d + 6. Let i be -1 - (-7 - d)/1. Suppose 19*o - 17*o = i. What is the greatest common divisor of 4 and o?
1
Let o(r) = 7*r**2 - r. Let g be o(-1). Suppose -3181 = -17*i - 2. Let n be 13498/i + 2/(-11). What is the greatest common factor of n and g?
8
Let m(o) = 8*o**2 + 5*o + 6. Let f be m(-3). Suppose -f*n = -46*n - 5916. Calculate the greatest common factor of 12 and n.
12
Suppose 0 = 2*n - 469 + 49. Suppose 2*y + 3*s - 108 = 0, 3*y - 4*s - 179 = 17. Calculate the greatest common factor of n and y.
30
Let q = 378 - 375. Let s = q + 45. Calculate the highest common divisor of s and 64.
16
Suppose -9*w + 3*w = -12. Let f be (-13 + 13)/(-1*1)*1. Suppose f = -3*y - 5*y + 128. Calculate the greatest common divisor of w and y.
2
Let h = -759 + 941. Let l be 3 - -5*10/2. What is the highest common factor of h and l?
14
Let h be (-1512)/(-315)*10/4. What is the greatest common divisor of 2316 and h?
12
Let p = 90 - 33. Let i = 198 + -199. Let k be 190/(-15)*3*i. What is the greatest common factor of k and p?
19
Let o be (1 + -37)*(-6)/4. Suppose -d + v + 67 = -4, 5*d = -3*v + 347. Let n = d + -34. What is the highest common divisor of o and n?
18
Suppose -4*f - 179 = w - 848, 0 = 3*w - 3. Suppose -409 - f = -12*k. Let j be 17 - (-1*1 + 2). What is the greatest common factor of j and k?
16
Let p(t) = 6*t + 19. Let u be p(0). Suppose -5*y + u = 4*l, 15 = 3*y + 2*y. Suppose i + l = 105. What is the greatest common factor of i and 13?
13
Suppose 0 = -s + 33 - 5. Suppose 4*k + s = r + r, 4*r - 46 = 3*k. Suppose 3*z = -4*f + 76, z - f - r = 13. What is the greatest common divisor of 6 and z?
6
Let w be 340790/25 + (-24)/15. Calculate the greatest common divisor of w and 29.
29
Let g = 17 + -16. Let f be g*201 - (22 - 19). Calculate the highest common factor of f and 22.
22
Let y be 6/15 + (-18676)/(-35). Let d = y - 266. Calculate the highest common divisor of d and 4.
4
Let z(f) = f**2 - 9*f - 28. Let q = -54 + 138. Let g = -70 + q. Let b be z(g). Calculate the highest common divisor of b and 42.
42
Let w be 16 + -14 - (4 - 2). Suppose w = -10*i + 997 + 2103. Calculate the highest common factor of i and 20.
10
Suppose 27*y - 1555